374879 a composite number?
False
Is 73530161 a composite number?
False
Is 40880857 composite?
False
Is 129986509 composite?
False
Is 2079709 prime?
True
Is 150525971 a composite number?
False
Is 104564918 a prime number?
False
Is 16837585 prime?
False
Is 15680213 a prime number?
False
Is 28520939 prime?
True
Is 12578899 a composite number?
True
Is 36510599 composite?
False
Is 1327973 a prime number?
True
Is 31407407 a prime number?
True
Is 3189443 prime?
False
Is 717929539 a prime number?
False
Is 58762537 a prime number?
True
Is 2326249 composite?
False
Is 2118413 a prime number?
False
Is 436169141 composite?
False
Is 127979203 composite?
True
Is 18988621 prime?
True
Is 12424201 a composite number?
False
Is 113442853 prime?
False
Is 1281331 composite?
False
Is 1898923639 a prime number?
True
Is 1243519253 a composite number?
False
Is 579961927 prime?
True
Is 1220483949 prime?
False
Is 48798349 a prime number?
True
Is 368187641 a prime number?
True
Is 162192713 a composite number?
True
Is 352852049 a composite number?
True
Is 269595553 a prime number?
True
Is 144458695 composite?
True
Is 575239961 a composite number?
False
Is 18286687 a prime number?
True
Is 451277 a prime number?
True
Is 19542593 a composite number?
True
Is 2491441 composite?
True
Is 1638431 prime?
True
Is 78666843 a prime number?
False
Is 73717867 a composite number?
True
Is 55826527 a prime number?
True
Is 10685397 composite?
True
Is 84035283 prime?
False
Is 67514579 a composite number?
True
Is 7338991 a composite number?
True
Is 62939587 a prime number?
True
Is 1548132257 a prime number?
False
Is 60011599 a composite number?
True
Is 9711859 a composite number?
False
Is 3224539 prime?
False
Is 891983 composite?
False
Is 27035002 a composite number?
True
Is 453965 a prime number?
False
Is 220217 a prime number?
True
Is 2593285 a prime number?
False
Is 247482107 a prime number?
False
Is 743877443 a composite number?
False
Is 13581959 composite?
False
Is 79393231 a composite number?
True
Is 552503 a composite number?
True
Is 70449151 a composite number?
False
Is 76636003 prime?
True
Is 6541973 composite?
False
Is 5218085 a prime number?
False
Is 34676179 a prime number?
False
Is 46664053 a composite number?
True
Is 4641443 prime?
False
Is 1868551 a composite number?
True
Is 5309477 a prime number?
True
Is 296698973 composite?
False
Is 33838121 a prime number?
True
Is 35991115 a composite number?
True
Is 385253 a prime number?
False
Is 5486617 a prime number?
True
Is 743089 prime?
True
Is 6393845 composite?
True
Is 78095 prime?
False
Is 4184927 composite?
True
Is 70288549 prime?
True
Is 2668727 prime?
True
Is 17629487 prime?
False
Is 12454499 prime?
True
Is 150989471 a prime number?
True
Is 62979247 composite?
True
Is 1003823 a composite number?
True
Is 6102995 composite?
True
Is 14352841 a composite number?
True
Is 78448709 composite?
True
Is 1427969 prime?
True
Is 27563401 prime?
False
Is 496502191 composite?
False
Is 5497573 a composite number?
False
Is 12432643 a composite number?
True
Is 123044197 prime?
False
Is 87212649 a composite number?
True
Is 28906639 prime?
False
Is 56980663 prime?
True
Is 14638477 a composite number?
True
Is 928597 prime?
True
Is 1739977 prime?
True
Is 1622747 prime?
False
Is 4453013 composite?
False
Is 121335931 composite?
False
Is 75351209 prime?
True
Is 4374403 prime?
False
Is 11524247 a composite number?
True
Is 91601617 a prime number?
False
Is 26516981 a prime number?
True
Is 15483859 a prime number?
False
Is 22901381 composite?
True
Is 1518773 composite?
False
Is 28473199 a prime number?
False
Is 1562629 composite?
True
Is 9393343 prime?
True
Is 193761281 a prime number?
False
Is 1104017 a prime number?
True
Is 87781019 prime?
False
Is 128197969 a prime number?
False
Is 38932753 a prime number?
True
Is 8233309 prime?
False
Is 965675801 a prime number?
False
Is 21153391 composite?
True
Is 3274231 composite?
False
Is 7708651 a composite number?
False
Is 78209881 a composite number?
True
Is 75612893 a prime number?
True
Is 18260089 a composite number?
False
Is 130949251 prime?
True
Is 230363 a prime number?
False
Is 22799 prime?
False
Is 10277929 prime?
True
Is 43695941 a prime number?
True
Is 115797687 prime?
False
Is 4915751 a prime number?
True
Is 1085101 prime?
True
Is 62822053 a composite number?
True
Is 6711439 a prime number?
False
Is 10119671 a prime number?
False
Is 307272809 a composite number?
False
Is 4162209 a composite number?
True
Is 60788183 a composite number?
True
Is 91781593 a prime number?
True
Is 1708393 composite?
True
Is 88295507 a prime number?
False
Is 67928143 composite?
True
Is 25356407 prime?
True
Is 4698593 prime?
False
Is 942709 prime?
True
Is 231211727 prime?
True
Is 513511 a composite number?
False
Is 268579 prime?
False
Is 111395939 a prime number?
True
Is 29780257 prime?
False
Is 29483 a composite number?
False
Is 10446967 a prime number?
False
Is 211046981 composite?
False
Is 64480621 composite?
True
Is 650726993 prime?
False
Is 2440595 a composite number?
True
Is 10883113 prime?
True
Is 162047843 a composite number?
False
Is 3572663 prime?
True
Is 4454129 composite?
True
Is 96593933 composite?
False
Is 13995851 a composite number?
False
Is 9207959 a composite number?
False
Is 167831 a composite number?
True
Is 3979427 a composite number?
False
Is 4051811 prime?
False
Is 141475063 a composite number?
False
Is 307537133 composite?
False
Is 70793 prime?
True
Is 109577837 a composite number?
False
Is 1703783 prime?
True
Is 34826135 prime?
False
Is 1946723 prime?
True
Is 3824063 a composite number?
True
Is 5716543 composite?
True
Is 16696411 a prime number?
False
Is 38833 a composite number?
False
Is 45024418 a composite number?
True
Is 71590451 a prime number?
False
Is 319150243 prime?
True
Is 26117654 a composite number?
True
Is 1194238697 prime?
True
Is 200704289 composite?
False
Is 69444161 prime?
False
Is 16589839 a prime number?
False
Is 4613657 a prime number?
True
Is 4722229 composite?
False
Is 4105853 prime?
False
Is 1094151 a prime number?
False
Is 8452571 a composite number?
False
Is 1577479 a prime number?
True
Is 127103861 a prime number?
True
Is 10154977 a prime number?
False
Is 10933981 prime?
False
Is 80232463 a composite number?
True
Is 113431 a composite number?
True
Is 223501 a composite number?
True
Is 2261183 a prime number?
False
Is 1394881 composite?
True
Is 8828705 a composite number?
True
Is 14237033 composite?
True
Is 16888253 composite?
False
Is 152479319 prime?
True
Is 854167283 a prime number?
True
Is 4187399 composite?
False
Is 5810111 composite?
False
Is 397356511 composite?
True
Is 9413309 a prime number?
False
Is 148155577 a composite number?
True
Is 1231171 composite?
False
Is 35852543 a prime number?
False
Is 33551053 composite?
False
Is 20923987 a prime number?
False
Is 313927 composite?
True
Is 12307741 a composite number?
False
Is 80132963 a prime number?
True
Is 1654635091 composite?
False
Is 175167823 a composite number?
False
Is 920209 prime?
True
Is 7370567 prime?
False
Is 56169623 a prime number?
False
Is 1708271 a prime number?
False
Is 126590097 prime?
False
Is 8450537 prime?
True
Is 7081891 prime?
True
Is 1418233 a composite number?
False
Is 69912091 prime?
True
Is 23746579 prime?
True
Is 26161391 a composite number?
True
Is 13489589 a prime number?
False
Is 2424199 composite?
False
Is 10797197 prime?
True
Is 7384057 a composite number?
True
Is 305272453 a composite number?
False
Is 257645005 a prime number?
False
Is 6659321 composite?
False
Is 310755881 prime?
False
Is 24104803 prime?
False
Is 20364649 prime?
True
Is 42032399 a prime number?
False
Is 28295747 prime?
True
Is 9666049 a prime number?
False
Is 88089031 a composite number?
True
Is 13297993 a composite number?
True
Is 14686559 a composite number?
False
Is 175963013 a composite number?
False
Is 63259073 a composite number?
False
Is 10555157 composite?
False
Is 1013195 a prime number?
False
Is 12115219 a composite number?
True
Is 36909751 composite?
True
Is 7745323 a composite number?
False
Is 28295423 prime?
False
Is 14481703 prime?
True
Is 9811757 a composite number?
False
Is 80332861 composite?
True
Is 151424759 a composite number?
False
Is 182479469 composite?
True
Is 1529813 composite?
True
Is 2889